- -5.
-6
Evaluate (0 - -40) + (345 - 366) + -61.
-42
Evaluate (13 - (-21 + -19)) + (3 - 22).
34
43 - (-2 + (8 - 7) + 27)
17
Evaluate 4 + -3 + -2 + (32 - 39) - 40.
-48
What is the value of (-18 - -26 - -9) + -7 - (-2 + 53)?
-41
What is the value of (-22 - -3) + 265 + -195?
51
What is 42 - (-9 - -4) - -3 - (14 - (-11 + 22))?
47
Calculate -1 - (-31 - (-20 - (-50 + 8))).
52
What is the value of (26 - (2 - -2)) + 8 + -10 + -1?
19
What is the value of (6 - 33 - -20) + 26?
19
Evaluate (5 - -2) + -65 + 40 - -2 - 27.
-43
Calculate 16 + -90 + 10 - (6 - (24 - -3)).
-43
3 - -1 - (6 + 3) - (-22 + 7 + 10)
0
-2 - -53 - (-13 + -9 + 19 - 2)
56
Evaluate 208 + -20 + -10 + -87.
91
-8 + -2 + (28 + -55 - (-7 - -10))
-40
-13 + -3 + (-7 - (-26 + -46))
49
What is the value of -1180 + 1085 + (-1 - -102)?
6
What is -67 + (-24 - -29 - -18) + -2 + -6?
-52
175 + -119 + 120 + -92
84
What is -3 + -1 + 1 + (-8 + -21 - (-49 - -21))?
-4
What is 97 - (-46 - (78 - 126))?
95
Evaluate -23 - (60 - 61) - (4 + (-2 - 15)).
-9
Evaluate 8 + 0 - ((-1 - -9) + -4 + -40).
44
What is the value of (-12 + 27 - 40) + (-20 - 2)?
-47
12 + (-9 - -5) + -177 + 160 - (47 - 1)
-55
Calculate 21 + -74 - -53 - -29.
29
-18 - (-165 + 72 + -2)
77
Calculate -57 - ((0 + 29 - (214 + -192)) + -6).
-58
What is the value of 11 + -24 + 19 + (221 - 114)?
113
-123 + 31 + 40 + -7 + 28
-31
1843 - 1798 - (-2 - 60)
107
What is the value of -42 + 1079 + -1083 + -8 + (-2 - -2)?
-54
What is 53 - (61 - 55) - 7?
40
What is 24 - (-1 - -2 - -2 - (679 - 672)) - -11?
39
What is 10 + -6 + 15 + (-9 - 7)?
3
What is (2 - -11) + -1 + (-37 - 14)?
-39
What is the value of (108 - 53) + -106 + 11?
-40
What is 12 - (121 + -47 + -23)?
-39
Calculate (76 - 56) + (8 - (3 + -38)).
63
What is -24 + (-26 - (13 - 48 - 24))?
9
-248 + 395 + (-60 - -4)
91
What is the value of -19 + (23 + (0 - 5) - (15 - 7)) - 24?
-33
Evaluate -9 + 4 + (-44 - -47).
-2
Evaluate -8 - (-7 - (-74 + 0)).
-75
What is -29 + (50 - 0) + -12?
9
What is the value of -5 - (21 + -16 + 11)?
-21
What is 0 - -7 - (2 - (6 - (1 - 0)))?
10
What is 4 + -1 + (1 - (35 + -16) - -26)?
11
Evaluate (-23 - (-3 - -1)) + (-549 - -571) + -122.
-121
Evaluate 24 + (-23 - -13) + -56 + (7 - -4).
-31
What is the value of -1 - 3 - (12 + -111 - -210) - (1 - 12)?
-104
Calculate -13 - (1 - 2) - (147 + (-48 - (-40 + 57))).
-94
What is -25 + (16 - (-12 + -35 + 6))?
32
(-18 - -33) + -9 - 70 - -3 - (-10 - 0)
-51
What is (1 - -8 - 4) + -122 + -3 - (105 + -120)?
-105
136 + 1 + -9 + -741 + 723
110
What is (3 - (1 - -5 - 26)) + (-2 - (-9 - -5))?
25
Calculate (-7 - (-11 - (13 + -13 + -10))) + 2.
-4
Calculate 37 - (48 - (28 - -21)).
38
What is the value of 83 + (-7 - -129 - 102)?
103
Calculate (481 - 500) + (35 - 5) + 89 + 0.
100
-27 + 87 + -12 - (-1 - -10)
39
93 - (-14 + (21 - -68))
18
35 + -9 + (9 - (-2 + 10)) + 17
44
What is the value of -60 - (-1 + -10) - -11?
-38
Evaluate -6 + 13 + (30 - 108 - 3).
-74
What is the value of 69 - (97 + 21 + -92)?
43
What is the value of 3 + 32 + 561 + -596 + -1?
-1
Calculate (11 - 0) + -1 + 37 + -11 + 12 - 4.
44
Calculate (-8 - (12 + -50 + -42)) + (1 + 0 - 16).
57
(-109 - 37) + -18 + 91
-73
Evaluate (-7 - (1 - (-31 + 22))) + -20.
-37
(-16 - 37 - -26) + -9 - -7
-29
Calculate (0 - (26 + -14) - (0 - 5) - -4) + -29.
-32
What is 65 + (-86 - -28) + 1 + -20 + 0?
-12
What is -2 - -4 - (104 + 27 + (1 - 15))?
-115
Calculate 13 + -1 + (-16 - -2) - -23 - -12.
33
Calculate 73 + (34 + -159 - -20).
-32
What is (-1 - (21 + 1)) + (60 - (16 + 4) - 27)?
-10
Evaluate -14 - 38 - -45 - 20.
-27
Calculate -9 + 0 + 2 + 1 + (-110 - (-253 - -158)).
-21
-14 - (4 + -9 + 8 + -3 + 3)
-17
What is the value of 19 - -10 - (-192 - -262)?
-41
What is (-104 - -61) + 48 + 18?
23
Calculate 55 + (-9 - -3) + (-6 - 6).
37
75 + -30 + 14 - 35
24
What is 2 + 7 + (4 - 10) + (-4 - 33) + 106?
72
(110 - (152 + -33)) + (0 - -28)
19
-4 + -3 - (17 + 1 - (11 + -10 - -3))
-21
-133 + 92 - (-8 - -8)
-41
What is the value of -531 + 520 - (2 + -16 + (13 - 9))?
-1
(5 - (1 + -15 + -25)) + -8 + -4
32
Evaluate 29 + -44 + -1 + 75 + 13 - 14.
58
What is the value of 6 + -23 - (-720 + 666)?
37
What is the value of -5 + 119 + -133 + (-114 - -280)?
147
(2 - 30 - -2) + 38 + (-42 - -34) + -31
-27
What is 1 - (-2 - (-34 + 18 + -3 - 19))?
-35
-40 - ((144 - 94) + -6 + 10)
-94
Evaluate 22 + 0 + (-27 - -40) + -9.
26
What is (188 - 190 - (-2 + 13)) + -45?
-58
Calculate -2 + 2 - (-59 + 83 - 71).
47
Calculate 1 + 108 - 4 - (-5 + -46 - -17 - -25).
114
What is the value of -16 - (-17 + -3) - (24 + -2 - -1)?
-19
Evaluate -7 + -9 + (-101 - -40) + 40.
-37
What is (1 - (-24 + 49 + -35)) + -85?
-74
Evaluate 69 + -110 + 147 + -102.
4
What is the value of (45 - 59 - 46) + (-3 - (0 + -24))?
-39
What is -151 + (21 - (20 + 18 + -52))?
-116
What is the value of (121 - 60) + (-3 - 22)?
36
-9190 + 9253 + 1 + -54
10
Evaluate 8 + -60 - (-514 - -517).
-55
What is 3 + -1 - (21 - (10 + 14 + -43 - 1))?
-39
Evaluate 16 - 1 - (159 - 160).
16
Calculate (-70 - -51) + 27 + -18.
-10
Calculate -8 + -6 + (7 - -22) + 16 + -2.
29
Calculate -9 - (18 + -22) - 14 - (-2 - -101).
-118
What is -19 + (-19 - 39) + 20 + 24?
-33
Evaluate -24 + 86 + -157 + 72.
-23
(24 + -32 + 8 - 21) + 73
52
What is 16 + (41 - 21 - -43 - 22)?
57
What is the value of -196 + -1 - -210 - (39 - 3)?
-23
Calculate 0 + (-31 - (6 + -6)) - (-41 - -49) - -1.
-38
What is the value of -51 - 1 - (-1656 - -1639)?
-35
Evaluate -359 + 357 + (2 - 4 - -36 - 1).
31
What is the value of -42 - (-79 + 42 + -75)?
70
Evaluate 9 + -13 + 42 + 15 - (26 + -40).
67
(1 - 1) + 5 - ((-31 - (-1 - 7)) + 126)
-98
What is (-16 - 1) + 11365 + -11382?
-34
Calculate 46 - (59 - (-37 + 7)).
-43
What is (-6 + -7 - -110) + -36 + (16 - -11)?
88
What is the value of -166 + 142 + 36 + -43?
-31
What is the value of -26 - (22 + (-33 - -31))?
-46
5 + 4 + -5 - (43 - 25) - -52
38
Calculate 49 + -47 + -13 + (-1 - -68) + -13.
43
What is the value of (-5 + 11 - 3) + -70 + 107?
40
Evaluate -56 - -34 - (-8 + -10 + 5 + 32).
-41
(-37 + -15 - -56) + 11
15
What is the value of -20 + 82 + -39 - (2 - (4 + 0))?
25
What is the value of -140 - -52 - -22 - -7?
-59
What is the value of -54 + (11 + 37 - 52 - ((7 - 4) + -17))?
-44
Calculate 102 + 100 + -143 + -133.
-74
Calculate 10 + (-31 + 0 - -23).
2
Calculate 1 - 17 - (27 + -80 + 33).
4
-37 - -73 - 19 - 43
-26
Calculate (2 - (-38 - -5 - -18)) + -6 + -46.
-35
What is the value of 84 - ((3982 - 3965) + (2 - 0) + -17)?
82
What is 0 + 1 + -39 + 44 + -24?
-18
7 + 3 + 8 - (42 + -50)
26
Evaluate -1 - -10 - (21 + 75 + -77 - (36 - 2)).
24
Calculate -39 + -8 + 45 - (-1 - -7) - (11 + 1).
-20
What is -37 + (-3 + -9 - (30 - 43)) + -14 - 3?
-53
Calculate 19 - 1 - (46 + -26 - -11).
-13
What is (-181 - -99) + 46 - 32?
-68
(14 + -2 + -2 - 5) + (6 - 23)
-12
Calculate (2 + 9 - (-1 + 4)) + 7 - 63.
-48
What is the value of -16 - 3 - (-43 + 58) - (2 + 8 - 9)?
-35
Calculate 1 + -2 + (40 - (-50 + 16)) - 20.
53
Calculate -9 - (-17 - (15 + -28 + -31 - -12)).
-24
Calculate 139 + -129 + (-8 + 4 - -12) + 21.
39
Evaluate 38 + -9 + (-47 - -29) + 3.
14
What is the value of 12 + (-2 - 0) + (-157 - -179)?
32
(22 - -13) + -6 + -12 + -61 + 1
-43
What is 16 + 102 - (-466 + 605)?
-21
Calculate (170 - (97 + 39)) + 58.
92
What is 4 - ((8 - (12 - 6)) + (7 - 11)) - 59?
-53
Calculate -26 + 164 + (-64 - 6).
68
4 + 2 + -28 + -9 + -31
-62
What is (1963 - 1919) + -1 + -124?
-81
Evaluate -111 + 15 + (44 + -19 - 53).
-124
What is the value of ((1 - -2) + -6 - -7) + 0 - -5?
9
Calculate 0 + (-4 - -13) + 33 + -109 + 14.
-53
What is 16 - (51 - (-39 + 80))?
6
What is -6 + 5 + (-13 - -13) + 1 + 13?
13
Calculate -4 + 2 + 4 - (12 + (30 - 46)).
6
(-37 + -13 - (5 - -17)) + -32
-104
-22 - -35 - ((7 - -22) + 2 + 13)
-31
(0 - (86 - 24)) + (-3 - ((2 - -6) + -6))
-67
-40 + (-11 - -7 - -11) - -13
-20
What is 9 - 24 - -19 - (-7 - (-2 + -8 + 4))?
5
Evaluate (105 - 115) + 40 + (-3 - (-6 - -5)).
28
What is the value of -2 + -9 + 0 - (-71 + (141 - 36))?
-45
What is the value of 10 - -9 - (-8 + -34 - -30)?
31
What is the value of -3 + (11 + -5 - -16) + -7?
12
Evaluate (73 - 0) + 10 + -75.
8
What is 81 + -108 - -41 - -44?
58
What is the value of -925 + 833 - (-6 + -7)?
-79
124 + (-27 - (-43 + 37 + 9))
94
What is 115 + -25 - (56 + 17)?
17
What is the value of (-151 - -162 - (4 + -5 - 11)) + 7?
30